{"id":13910,"date":"2023-11-15T15:46:22","date_gmt":"2023-11-15T14:46:22","guid":{"rendered":"https:\/\/blog.cataloniahotels.com\/?page_id=13910"},"modified":"2023-11-28T09:11:45","modified_gmt":"2023-11-28T08:11:45","slug":"politica-de-cookies","status":"publish","type":"page","link":"https:\/\/blog.cataloniahotels.com\/es\/politica-de-cookies","title":{"rendered":"Pol\u00edtica de cookies"},"content":{"rendered":"\n<p>1.\nIdentidad del editor de la p\u00e1gina web<\/p>\n\n\n\n<p>Identidad:\nPromotora Kasde S.A (en adelante, \u201cCatalonia\u201d)<br>NIF:\nA08405490<br>Direcci\u00f3n: Calle Castellnou 61, 08017 Barcelona<br>Correo\nelectr\u00f3nico:&nbsp;<a href=\"https:\/\/www.cataloniahotels.com\/es\/ldpo@cataloniahotels.com\">ldpo@cataloniahotels.com<\/a><\/p>\n\n\n\n<p>2.\n\u00bfQu\u00e9 son las cookies?<\/p>\n\n\n\n<p>Las\ncookies son peque\u00f1os archivos de texto que almacenan y recuperan\ninformaci\u00f3n sobre los h\u00e1bitos de navegaci\u00f3n del usuario. La\ninformaci\u00f3n que se obtiene est\u00e1 relacionada, por ejemplo, con las\np\u00e1ginas que se visitan, el idioma, el lugar desde el que se accede,\nel n\u00famero de nuevos usuarios, la frecuencia y reincidencia de las\nvisitas, el tiempo que dura la misma, el navegador o el equipo desde\nel que se realiza la visita o se ejecuta una aplicaci\u00f3n. Las cookies\nno son virus, son elementos de texto sin formato, por lo que no se\npueden ejecutar ni afectar al funcionamiento del dispositivo.<\/p>\n\n\n\n<p>Las\ncookies que se instalan en esta p\u00e1gina web pueden ser tanto de\nsesi\u00f3n como persistentes, as\u00ed como propias o de terceros. Las\ncookies de sesi\u00f3n son aquellas que se eliminan autom\u00e1ticamente al\ncerrar el navegador, mientras que las cookies persistentes pueden\npermanecer instaladas durante un per\u00edodo de tiempo determinado, tal\ncomo se indica en las tablas siguientes. A su vez, las cookies pueden\nser creadas e instaladas por Catalonia (se denominan &#8220;cookies\npropias&#8221;) y otras ser\u00e1n instaladas en la web de Catalonia por\nparte de terceros y desde el dominio de \u00e9ste (se denominan &#8220;cookies\nde terceros&#8221;).<\/p>\n\n\n\n<p>Tenga\nen cuenta que, si ha aceptado las cookies de terceros, es posible que\ndeba eliminarlas desde las opciones del navegador o desde el sistema\nofrecido por el propio tercero.<\/p>\n\n\n\n<p>En\nning\u00fan caso ser\u00e1 obligatorio aceptar las cookies sujetas a\nconsentimiento en esta p\u00e1gina web.<\/p>\n\n\n\n<p>Puede\nencontrar m\u00e1s informaci\u00f3n sobre cookies\nen&nbsp;<a href=\"https:\/\/www.allaboutcookies.org\/es\">www.allaboutcookies.org\/es<\/a>.<\/p>\n\n\n\n<p>3.\n\u00bfQu\u00e9 cookies utilizamos en esta p\u00e1gina web?&nbsp;<\/p>\n\n\n\n<p>La\ntipolog\u00eda de cookies que se utilizan con la navegaci\u00f3n a trav\u00e9s de\nla presente p\u00e1gina web son las siguientes:<\/p>\n\n\n\n<div id=\"ot-sdk-cookie-policy\"><\/div>\n\n\n\n<p>4.\nElaboraci\u00f3n de perfiles<\/p>\n\n\n\n<p>Si\nhas aceptado las cookies anal\u00edticas o de publicidad (incluidas las\nde publicidad comportamental) indicadas anteriormente, podremos\nutilizar la informaci\u00f3n captada por las cookies correspondientes\npara alimentar tu perfil de usuario en nuestro sistema de gesti\u00f3n de\nusuarios, en aquellos casos en los que nos hayas proporcionado datos\npersonales, como por ejemplo cuando te suscribes en nuestras\ncomunicaciones comerciales o newsletter, cuando realizas una compra o\nreserva en nuestra p\u00e1gina web, o cuando te registras en nuestro\nprograma de fidelizaci\u00f3n Rewards.<\/p>\n\n\n\n<p>Esto supone que la informaci\u00f3n ser\u00e1 cargada directamente en nuestros sistemas, por lo que si en un futuro rechazas las cookies, dejaremos de captar nueva informaci\u00f3n, pero podremos seguir personalizando el contenido de nuestra p\u00e1gina web o nuestras comunicaciones en base a la informaci\u00f3n de navegaci\u00f3n que captamos hasta el momento en que rechazaste y\/o eliminaste las cookies.<\/p>\n\n\n\n<p>Si,\nadem\u00e1s, eres usuario registrado en nuestro programa Rewards, los\ndatos de navegaci\u00f3n captados mediante las cookies e incorporados en\nnuestro CRM ser\u00e1n tratados tambi\u00e9n por la sociedad Duques de\nBergara, S.A., en r\u00e9gimen de corresponsabilidad.<\/p>\n\n\n\n<p>Para\nm\u00e1s informaci\u00f3n sobre como gestionamos los perfiles de nuestros\nusuarios, puedes consultar el tratamiento \u201cElaboraci\u00f3n de\nperfiles\u201d descrito en nuestra&nbsp;pol\u00edtica\nde privacidad.<\/p>\n\n\n\n<p>En\ntodo caso, te garantizamos que los perfiles que realizamos no suponen\nla toma de decisiones automatizadas con efectos jur\u00eddicos o que\npuedan afectarte de forma similar.<\/p>\n\n\n\n<p>5.\n\u00bfD\u00f3nde tratamos su informaci\u00f3n?<\/p>\n\n\n\n<p>Al\nutilizar cookies de terceros, es posible que sus datos puedan ser\ntransferidos fuera del Espacio Econ\u00f3mico Europeo o a pa\u00edses con un\nnivel de protecci\u00f3n adecuado seg\u00fan la normativa aplicable.<\/p>\n\n\n\n<p>Seg\u00fan el pa\u00eds de destino, esta transferencia puede suponer una transferencia internacional de datos a pa\u00edses que no ofrecen las garant\u00edas adecuadas. Siempre y en todo caso nos procuraremos tomar todas aquellas medidas que sean necesarias para garantizar que dicha transferencia internacional de datos cumpla con las exigencias legales oportunas, como por ejemplo la firma de las cl\u00e1usulas contractuales tipo acordadas por la Uni\u00f3n Europea.<\/p>\n\n\n\n<p>6. \u00bfC\u00f3mo administrar las cookies?<\/p>\n\n\n\n<p>Puedes gestionar la configuraci\u00f3n de las cookies, mediante nuestro Centro de Configuraci\u00f3n de Cookies. Asimismo, puedes permitir, bloquear o eliminar las cookies instaladas en tu dispositivo mediante la configuraci\u00f3n de las opciones que el navegador que utilices en cada momento te ofrezca, donde puedes rechazar el uso de cookies seleccionando la configuraci\u00f3n que consideres m\u00e1s adecuada en tu navegador, si ofrece dicha opci\u00f3n. A este respecto, puedes seguir las correspondientes instrucciones para los siguientes navegadores:<\/p>\n\n\n\n<p>Internet Explorer: <a href=\"https:\/\/support.microsoft.com\/es-es\/windows\/eliminar-y-administrar-cookies-168dab11-0753-043d-7c16-ede5947fc64d\">https:\/\/support.microsoft.com\/es-es\/windows\/eliminar-y-administrar-cookies-168dab11-0753-043d-7c16-ede5947fc64d<\/a> <\/p>\n\n\n\n<p>Microsoft Edge: <a href=\"https:\/\/support.microsoft.com\/es-es\/microsoft-edge\/eliminar-las-cookies-en-microsoft-edge-63947406-40ac-c3b8-57b9-2a946a29ae09\">https:\/\/support.microsoft.com\/es-es\/microsoft-edge\/eliminar-las-cookies-en-microsoft-edge-63947406-40ac-c3b8-57b9-2a946a29ae09<\/a><\/p>\n\n\n\n<p>Google Chrome: <a href=\"https:\/\/support.google.com\/chrome\/answer\/95647?hl=es&amp;co=GENIE.Platform%3DDesktop\">https:\/\/support.google.com\/chrome\/answer\/95647?hl=es&amp;co=GENIE.Platform%3DDesktop<\/a> <\/p>\n\n\n\n<p>Firefox: <a href=\"https:\/\/support.mozilla.org\/es\/kb\/cookies-informacion-que-los-sitios-web-guardan-en-#w_configurar-las-cookies\">https:\/\/support.mozilla.org\/es\/kb\/cookies-informacion-que-los-sitios-web-guardan-en-#w_configurar-las-cookies<\/a> <\/p>\n\n\n\n<p>Safari: <a href=\"https:\/\/support.apple.com\/es-es\/guide\/safari\/sfri11471\/mac\">https:\/\/support.apple.com\/es-es\/guide\/safari\/sfri11471\/mac<\/a> <\/p>\n\n\n\n<p>Opera: <a href=\"https:\/\/www.opera.com\/es\/use-cases\/clean-browser-and-remove-trackers\">https:\/\/www.opera.com\/es\/use-cases\/clean-browser-and-remove-trackers<\/a><\/p>\n\n\n\n<p>No obstante, la deshabilitaci\u00f3n de ciertas cookies, como las t\u00e9cnicas, podr\u00eda modificar el funcionamiento del sitio web, siendo posible que algunos servicios o funcionalidades del mismo no est\u00e9n disponibles. Por favor, consulta las instrucciones y manuales de tu dispositivo para ampliar tal informaci\u00f3n.<\/p>\n\n\n\n<p>Los enlaces anteriores pueden ser actualizados y\/o modificados por los desarrolladores de los navegadores indicados. Haremos todos los esfuerzos razonables para mantener la lista anterior debidamente actualizada. Sin embargo, si un enlace no funciona o no est\u00e1 actualizado, puedes dirigirte al men\u00fa &#8220;Configuraci\u00f3n&#8221; de tu navegador, dirigirte al men\u00fa ayuda de este, o bien realizar una b\u00fasqueda en internet indicando tu navegador e incluyendo \u201cconfigurar cookies\u201d.<\/p>\n\n\n\n<p>Tenga en cuenta que, si en alg\u00fan momento elimina las cookies de su navegador, es posible que se eliminen sus preferencias de opt-out seleccionadas, por lo que deber\u00e1 volver a oponerse a su instalaci\u00f3n.<\/p>\n\n\n\n<p>Adicionalmente, le informamos de que si desea tener un mayor control sobre la instalaci\u00f3n de las cookies, puede instalar programas o complementos a su navegador, conocidos como herramientas de \u201cDo Not Track\u201d o \u201cDNT\u201d, que le permitir\u00e1n escoger aquellas cookies que desee habilitar.<\/p>\n\n\n\n<p>Puedes modificar los permisos sobre cookies en nuestra <span id=\"ot-sdk-btn\" class=\"ot-sdk-show-settings\"><\/span>.<\/p>\n\n\n\n<p>7. Actualizaci\u00f3n pol\u00edtica de cookies<\/p>\n\n\n\n<p>Esta Pol\u00edtica de Cookies podr\u00e1 ser modificada o actualizada en cualquier momento. Por ello, le recomendamos que la revises cada vez que acceda a esta Web.<\/p>\n\n\n\n<p>Fecha de la \u00faltima modificaci\u00f3n de la Pol\u00edtica de Cookies: Noviembre 2023<\/p>\n","protected":false},"excerpt":{"rendered":"<p>1. Identidad del editor de la p\u00e1gina web Identidad: Promotora Kasde S.A (en adelante, \u201cCatalonia\u201d)NIF: A08405490Direcci\u00f3n: Calle Castellnou 61, 08017 BarcelonaCorreo electr\u00f3nico:&nbsp;ldpo@cataloniahotels.com 2. \u00bfQu\u00e9 son las cookies? Las cookies son peque\u00f1os archivos de texto que almacenan y recuperan informaci\u00f3n sobre los h\u00e1bitos de navegaci\u00f3n del usuario. La informaci\u00f3n que se obtiene est\u00e1 relacionada, por ejemplo, [&hellip;]<\/p>\n","protected":false},"author":3,"featured_media":0,"parent":0,"menu_order":0,"comment_status":"closed","ping_status":"closed","template":"","meta":{"_acf_changed":false,"footnotes":""},"destino":[],"tipo-contenido":[],"class_list":["post-13910","page","type-page","status-publish","hentry"],"acf":[],"yoast_head":"<!-- This site is optimized with the Yoast SEO plugin v27.4 - https:\/\/yoast.com\/product\/yoast-seo-wordpress\/ -->\n<title>Pol\u00edtica de cookies | Gu\u00eda de Viajes | Catalonia Hotels &amp; Resorts<\/title>\n<meta name=\"robots\" content=\"index, follow, max-snippet:-1, max-image-preview:large, max-video-preview:-1\" \/>\n<link rel=\"canonical\" href=\"https:\/\/blog.cataloniahotels.com\/es\/politica-de-cookies\" \/>\n<meta property=\"og:locale\" content=\"es_ES\" \/>\n<meta property=\"og:type\" content=\"article\" \/>\n<meta property=\"og:title\" content=\"Pol\u00edtica de cookies | Gu\u00eda de Viajes | Catalonia Hotels &amp; Resorts\" \/>\n<meta property=\"og:description\" content=\"1. Identidad del editor de la p\u00e1gina web Identidad: Promotora Kasde S.A (en adelante, \u201cCatalonia\u201d)NIF: A08405490Direcci\u00f3n: Calle Castellnou 61, 08017 BarcelonaCorreo electr\u00f3nico:&nbsp;ldpo@cataloniahotels.com 2. \u00bfQu\u00e9 son las cookies? Las cookies son peque\u00f1os archivos de texto que almacenan y recuperan informaci\u00f3n sobre los h\u00e1bitos de navegaci\u00f3n del usuario. La informaci\u00f3n que se obtiene est\u00e1 relacionada, por ejemplo, [&hellip;]\" \/>\n<meta property=\"og:url\" content=\"https:\/\/blog.cataloniahotels.com\/es\/politica-de-cookies\" \/>\n<meta property=\"og:site_name\" content=\"Gu\u00eda de Viajes | Catalonia Hotels &amp; Resorts\" \/>\n<meta property=\"article:modified_time\" content=\"2023-11-28T08:11:45+00:00\" \/>\n<meta name=\"twitter:label1\" content=\"Est. reading time\" \/>\n\t<meta name=\"twitter:data1\" content=\"6 minutes\" \/>\n<!-- \/ Yoast SEO plugin. -->","yoast_head_json":{"title":"Pol\u00edtica de cookies | Gu\u00eda de Viajes | Catalonia Hotels &amp; Resorts","robots":{"index":"index","follow":"follow","max-snippet":"max-snippet:-1","max-image-preview":"max-image-preview:large","max-video-preview":"max-video-preview:-1"},"canonical":"https:\/\/blog.cataloniahotels.com\/es\/politica-de-cookies","og_locale":"es_ES","og_type":"article","og_title":"Pol\u00edtica de cookies | Gu\u00eda de Viajes | Catalonia Hotels &amp; Resorts","og_description":"1. Identidad del editor de la p\u00e1gina web Identidad: Promotora Kasde S.A (en adelante, \u201cCatalonia\u201d)NIF: A08405490Direcci\u00f3n: Calle Castellnou 61, 08017 BarcelonaCorreo electr\u00f3nico:&nbsp;ldpo@cataloniahotels.com 2. \u00bfQu\u00e9 son las cookies? Las cookies son peque\u00f1os archivos de texto que almacenan y recuperan informaci\u00f3n sobre los h\u00e1bitos de navegaci\u00f3n del usuario. La informaci\u00f3n que se obtiene est\u00e1 relacionada, por ejemplo, [&hellip;]","og_url":"https:\/\/blog.cataloniahotels.com\/es\/politica-de-cookies","og_site_name":"Gu\u00eda de Viajes | Catalonia Hotels &amp; Resorts","article_modified_time":"2023-11-28T08:11:45+00:00","twitter_misc":{"Est. reading time":"6 minutes"},"schema":{"@context":"https:\/\/schema.org","@graph":[{"@type":"WebPage","@id":"https:\/\/blog.cataloniahotels.com\/es\/politica-de-cookies","url":"https:\/\/blog.cataloniahotels.com\/es\/politica-de-cookies","name":"Pol\u00edtica de cookies | Gu\u00eda de Viajes | Catalonia Hotels &amp; Resorts","isPartOf":{"@id":"https:\/\/blog.cataloniahotels.com\/es\/#website"},"datePublished":"2023-11-15T14:46:22+00:00","dateModified":"2023-11-28T08:11:45+00:00","breadcrumb":{"@id":"https:\/\/blog.cataloniahotels.com\/es\/politica-de-cookies#breadcrumb"},"inLanguage":"es","potentialAction":[{"@type":"ReadAction","target":["https:\/\/blog.cataloniahotels.com\/es\/politica-de-cookies"]}]},{"@type":"BreadcrumbList","@id":"https:\/\/blog.cataloniahotels.com\/es\/politica-de-cookies#breadcrumb","itemListElement":[{"@type":"ListItem","position":1,"name":"Gu\u00eda de viajes","item":"https:\/\/blog.cataloniahotels.com\/es"},{"@type":"ListItem","position":2,"name":"Pol\u00edtica de cookies"}]},{"@type":"WebSite","@id":"https:\/\/blog.cataloniahotels.com\/es\/#website","url":"https:\/\/blog.cataloniahotels.com\/es\/","name":"Gu\u00eda de Viajes | Catalonia Hotels &amp; Resorts","description":"","publisher":{"@id":"https:\/\/blog.cataloniahotels.com\/es\/#organization"},"potentialAction":[{"@type":"SearchAction","target":{"@type":"EntryPoint","urlTemplate":"https:\/\/blog.cataloniahotels.com\/es\/?s={search_term_string}"},"query-input":{"@type":"PropertyValueSpecification","valueRequired":true,"valueName":"search_term_string"}}],"inLanguage":"es"},{"@type":"Organization","@id":"https:\/\/blog.cataloniahotels.com\/es\/#organization","name":"Gu\u00eda de Viajes | Catalonia Hotels &amp; Resorts","url":"https:\/\/blog.cataloniahotels.com\/es\/","logo":{"@type":"ImageObject","inLanguage":"es","@id":"https:\/\/blog.cataloniahotels.com\/es\/#\/schema\/logo\/image\/","url":"https:\/\/blog.cataloniahotels.com\/wp-content\/uploads\/2024\/12\/logo-catalonia.svg","contentUrl":"https:\/\/blog.cataloniahotels.com\/wp-content\/uploads\/2024\/12\/logo-catalonia.svg","width":254,"height":32,"caption":"Gu\u00eda de Viajes | Catalonia Hotels &amp; Resorts"},"image":{"@id":"https:\/\/blog.cataloniahotels.com\/es\/#\/schema\/logo\/image\/"}}]}},"_links":{"self":[{"href":"https:\/\/blog.cataloniahotels.com\/es\/wp-json\/wp\/v2\/pages\/13910","targetHints":{"allow":["GET"]}}],"collection":[{"href":"https:\/\/blog.cataloniahotels.com\/es\/wp-json\/wp\/v2\/pages"}],"about":[{"href":"https:\/\/blog.cataloniahotels.com\/es\/wp-json\/wp\/v2\/types\/page"}],"author":[{"embeddable":true,"href":"https:\/\/blog.cataloniahotels.com\/es\/wp-json\/wp\/v2\/users\/3"}],"replies":[{"embeddable":true,"href":"https:\/\/blog.cataloniahotels.com\/es\/wp-json\/wp\/v2\/comments?post=13910"}],"version-history":[{"count":12,"href":"https:\/\/blog.cataloniahotels.com\/es\/wp-json\/wp\/v2\/pages\/13910\/revisions"}],"predecessor-version":[{"id":13980,"href":"https:\/\/blog.cataloniahotels.com\/es\/wp-json\/wp\/v2\/pages\/13910\/revisions\/13980"}],"wp:attachment":[{"href":"https:\/\/blog.cataloniahotels.com\/es\/wp-json\/wp\/v2\/media?parent=13910"}],"wp:term":[{"taxonomy":"destino","embeddable":true,"href":"https:\/\/blog.cataloniahotels.com\/es\/wp-json\/wp\/v2\/destino?post=13910"},{"taxonomy":"tipo-contenido","embeddable":true,"href":"https:\/\/blog.cataloniahotels.com\/es\/wp-json\/wp\/v2\/tipo-contenido?post=13910"}],"curies":[{"name":"wp","href":"https:\/\/api.w.org\/{rel}","templated":true}]}}